ermine a(g).
6
Let t(n) be the second derivative of -19*n**6/720 - n**5/120 + 11*n**4/12 - 22*n. Let z(d) be the third derivative of t(d). Give z(-1).
18
Let b(p) = 11*p + 1. Let z = 4 - 6. Let f(j) = 5 - 6 - 7*j - 5*j. Let c(s) = z*f(s) - 3*b(s). What is c(-1)?
8
Let v(l) = 5*l**2 + 5*l - 10. Let o(i) = 9*i**2 - 29 + 2*i + 12*i + 15*i**2 - 10*i**2. Let k = 5 + -1. Let d(w) = k*o(w) - 11*v(w). What is d(0)?
-6
Let x be (-4 - 128/(-28))/(24/28). Let l(q) be the third derivative of 0*q + 1/24*q**4 + 0 - x*q**3 + 6*q**2. Determine l(3).
-1
Let c be 1*-2*(-26)/4. Let j(t) = 13*t - 6*t**2 + t**3 - c*t + 0*t**3 + 3. Give j(6).
3
Let l(i) = 2*i**2 + 5*i + 5. Let k(j) = -j**2 - 5*j - 4. Let a be 2/((-4)/(-12) - 1). Let d(c) = a*k(c) - 2*l(c). Determine d(4).
6
Let p(i) = 2*i**2 - 65*i - 257. Let c be p(36). Let u(b) = b**3 + 5*b**2 - 5*b + 5. What is u(c)?
30
Let s(r) = r**2 - 14*r + 24. Let v be s(12). Suppose -2*d = -v*d. Let f(g) = -g**3 + g**2 - g - 4. Calculate f(d).
-4
Let o(y) = 2*y + 3. Let w be o(-3). Let t be 3 - (3/6 - (-6)/4). Let q(z) = -2*z + 2*z + t + 2*z - z. What is q(w)?
-2
Suppose -2*q + 49 = 3*q + 3*r, -r + 19 = 2*q. Let k(w) be the first derivative of q + w + 1/2*w**2. Calculate k(5).
6
Suppose 13*g = 8*g + 140. Let v(m) = -28*m - 4 + 54*m - g*m. Let n = -7 + 1. What is v(n)?
8
Let g be ((-24)/15)/((-4)/(-10)). Let j = g - -2. Let a(n) = n**3 + 2*n**2 + 2*n + 1. Determine a(j).
-3
Suppose -3*x + 552 = 9*x. Let u = x + -43. Let i(s) = 7*s + 1. Give i(u).
22
Let d(v) = v**2 + 4*v - 7. Let s(o) = 3*o**2 - 2*o - 3*o**2 - 15 + 2*o**2 + 9*o. Let m(f) = -9*d(f) + 4*s(f). Determine m(-7).
10
Let l(u) = -u**3 + 4*u**2 + 6*u. Suppose r - 5 + 0 = 0. Calculate l(r).
5
Let r(w) = -38*w**2 + 118*w**2 + 14*w - 39*w**2 + 30 - 7 - 40*w**2. Calculate r(-12).
-1
Suppose 5*t = 15, p + 12 = t + 4*t. Suppose -5*d + 78 = 68. Let o(n) = 4*n**d - n**3 - 2 - 3*n + 2*n + 0*n**2 - n. Give o(p).
1
Let a(z) = z + 7. Let l be 1245/15 - (-2 + 1). Suppose -l = 14*h - 0. What is a(h)?
1
Let q(r) = 2*r**2 - 64*r - 54. Let b be q(33). Let l(j) = j - 8. Calculate l(b).
4
Let j(g) = g + 3. Let i(z) = -z - 4. Let a(f) = -5*i(f) - 6*j(f). Let q be (-931)/(-294) + (-1)/6. Calculate a(q).
-1
Suppose 2*d = 2, 3*d = o - 3 + 14. Let t(z) = 3*z**3 - 12*z**2 + 12. Let x(c) = 7*c**3 - 25*c**2 + 27. Let b(i) = 9*t(i) - 4*x(i). Determine b(o).
0
Let h = 7 - 4. Suppose -12 = 2*s + 3*f + 6, h*s + 5*f = -26. Let n be 3/s + (-39)/(-12). Let i(c) = -c**3 + 4*c**2 - 5*c + 2. Determine i(n).
-4
Let v(f) = -30*f**3 + 5*f**2 + 4*f - 5. Let s(h) = h**3 + h**2 + h - 1. Let o(n) = 4*s(n) - v(n). What is o(1)?
34
Let u(c) = 3*c**2 - c. Let f(a) = 1 + 5 + 2*a - 3*a. Let g be f(0). Suppose h + 5 = g. Calculate u(h).
2
Let f(b) = 16*b**2 - 6*b - 51. Let k(v) = -3*v**2 + v + 10. Let w(y) = 2*f(y) + 11*k(y). Let j be -4 - -1 - (7 - 17). Suppose -j*s = -3*s. What is w(s)?
8
Let f(c) = 13*c**2 + 19*c - 32. Let v(n) = 3*n**2 + 4*n - 8. Let g(i) = -2*f(i) + 9*v(i). Calculate g(-5).
27
Let c(h) = h**2 + 4*h - 8. Let d be c(-6). Suppose -4*l + j + 17 = 0, d + 5 = l - 5*j. Let i(f) = -f**3 + 4*f**2 + f. Determine i(l).
4
Suppose -a = -5*a + 4*v + 228, 2*v = 4*a - 218. Let u be a/(-16) + 4/16. Let j(d) = d**2 + 5*d + 2 + 0 + 0*d**2. Give j(u).
-4
Let a be (-237)/(-33) + (-12)/66. Suppose -3*p + 2*p + 9 = -f, -3*p - f + a = 0. Let i(t) = t**3 - 6*t**2 + 6*t - 6. What is i(p)?
-14
Let l(d) = -d**3 - 24*d**2 + 53*d + 39. Let t be l(-26). Let g(f) = -f**2 + 13*f + 5. Determine g(t).
5
Let w(q) be the third derivative of -q**6/24 + q**2. Let z(s) = -s**2 + 16*s - 29. Let m be z(14). Let t be w(m). Let d(f) = f - 5. Determine d(t).
0
Let f(j) = -3 - j**3 - 5 - 12*j**2 + 43 - 41. Calculate f(-12).
-6
Let t(s) = 25 - 9 - 13 + 2*s. Give t(9).
21
Let h(y) be the first derivative of -y**4/3 + y**3/6 + 12*y**2 + 17. Let j(b) be the second derivative of h(b). Calculate j(-1).
9
Let p(l) = 0 + 2 + 0 + 2 - 10*l. Let c(y) = 3*y - 1. Let q(t) = -7*c(t) - 2*p(t). Calculate q(0).
-1
Let o(x) = x - 5. Let k be (-56)/(-12) - 4 - (-4)/(-6). Determine o(k).
-5
Suppose -2*w + 2 + 40 = 0. Suppose -3*h + 17 - 1 = 5*j, -3*j = -2*h - w. Suppose j*l = l - 8. Let f(m) = 4*m - 2. What is f(l)?
-10
Let c(r) = 18*r**2 - 58*r**2 + 10*r + 23*r**2 + 18*r**2 + 9. Give c(-9).
0
Let r(u) be the third derivative of 0*u**4 - 1/10*u**5 + 1/6*u**3 + 0 + 38*u**2 + 0*u. Determine r(2).
-23
Let u(m) be the second derivative of m**4/6 + 31*m**3/6 - 8*m**2 + m - 516. Give u(-16).
0
Let f(h) = -h - 8. Let u(s) = 5*s - 4*s + 5 + 4. Let b be u(0). Let q = b + -16. Calculate f(q).
-1
Let n be (-4 - 2)*1/((-4)/50). Let w = n - 67. Let q(l) = -l**3 + 9*l**2 - 6*l - 10. Determine q(w).
6
Let o = 12 + -18. Let g(n) be the first derivative of -n**2 - 8*n + 136. Determine g(o).
4
Let c(p) = p**3 - 4*p**2 - 6*p + 4. Let k = 27 + 33. Let q = k - 87. Let w = q + 32. Give c(w).
-1
Let l(q) = -q**3 + q**2 - q + 7. Let g(m) = -m**2 + 5*m + 4. Let k be g(5). Suppose k - 14 = -2*j. Suppose -4*x + 3*p = 6*p - 15, -p = x - j. Calculate l(x).
7
Let b(p) be the first derivative of -p**7/840 - p**6/90 - p**5/60 - 10*p**3/3 - 18. Let m(v) be the third derivative of b(v). What is m(-3)?
-3
Let u(m) = m + 12. Let r(v) = 12*v + 115. Let s be r(-10). Determine u(s).
7
Let s(d) = 5*d + 13. Suppose -2*f + k - 8 = 0, -5*k + 0*k = 0. Calculate s(f).
-7
Let k(y) = 7*y**2 - 40 + y**2 - 41 - 39 + 5*y + 122 + y**3. Determine k(-7).
16
Let f(m) be the third derivative of -1/24*m**4 + 1/30*m**5 + 0*m + 0 + 44*m**2 + 1/120*m**6 - 1/6*m**3. Calculate f(2).
13
Let a(i) = -i - 1. Let x(m) = 7*m**2 - 10*m - 16. Let c be x(-2). Suppose 7*h + c = -17. What is a(h)?
6
Suppose -2*l + m = -31, -2*l - 2*m = m - 27. Let v be 24/180 + (-47)/l. Let b(t) = 3*t + 4. Give b(v).
-5
Suppose -3*g - 2 = -3*a - 8, 4*a - 20 = -3*g. Suppose -2 = -x + a*v - 0*v, -5*x + 22 = 2*v. Suppose -x*t = -16 - 0. Let u(n) = n**2. What is u(t)?
16
Let c(b) = 11*b + 15. Let a(j) = -31*j - 42. Let t(k) = -6*a(k) - 17*c(k). Determine t(-6).
3
Let i = 128 - 116. Let o(r) = -r**3 + 12*r**2 - 3*r + 14. What is o(i)?
-22
Suppose -3*y + 3*z + 11 = y, 14 = 5*y - 4*z. Let l(f) be the second derivative of 0 + 0*f**y - 3*f + 1/6*f**3. Determine l(2).
2
Let i(x) = x - 11. Let u(c) = -c**2 - 3*c + 27. Let d be u(-5). Give i(d).
6
Let y be 5 + 5 + (2 - 12). Suppose y = 2*d - d + 3*r - 1, -3*r - 3 = 0. Let f(l) = 3*l - 6. Calculate f(d).
6
Let r(z) = -z**2 - z. Let j be 6 - (3 - 0)*-1. Suppose -2*a + a + j = -3*q, q - 8 = 4*a. Determine r(a).
-6
Let b(s) be the first derivative of -2*s**2 - 1/3*s**3 - s - 3. What is b(-5)?
-6
Let x(z) = 6 + 7*z + 5*z**2 - z**3 - 7 - 6. Let p = 6 - 0. Give x(p).
-1
Let f(b) be the second derivative of b**4/6 + 5*b**2/2 - 61*b + 1. Determine f(0).
5
Let r(z) = -z**3 - 2*z**2 - 2*z - 1. Let d = -258 + 256. Calculate r(d).
3
Let v(t) = -t**2 - 2*t**2 + 4*t**2 - t - 3 - 1. Suppose 5*c - 2*y - 2 + 16 = 0, 4*c + 5*y - 2 = 0. Let a be -2 + (4/(-8))/(c/8). Give v(a).
-4
Let y(v) = -v**3 + 5*v**2 - 4*v + 3. Let m be y(4). Let r(j) = 1 - 4*j**2 + j**m - 5*j + j + 0*j. Let q(g) = -6*g**3 + g. Let u be q(-1). What is r(u)?
6
Let t(j) = -j**3 - 11*j**2 - j - 3. Let w = -802 - -791. Determine t(w).
8
Suppose -12 = 12*q - 12. Suppose a - 3*u - 13 = -q*u, 4*u = -8. Let k(f) be the second derivative of -f**3/6 - f**2 + f. Determine k(a).
-9
Let t(l) = 28*l**3 - 2*l**2 + 2*l - 1. Let w(k) = -k**3 - 3*k**2 - 11*k - 17. Let p be w(-2). Calculate t(p).
27
Suppose -885 = -5*g - 5*x, -4*g + 3*x + 552 = -177. Let r(f) = -179*f**2 + g*f**2 + 0*f + 1 - f. What is r(3)?
7
Suppose 5*u - u - 4 = 0. Let h(w) = -u + 6*w + 6*w**2 - 6*w. Let m = 1330 - 1331. What is h(m)?
5
Let v(d) = d**3 + 3*d**2 + 3. Suppose 34 - 2 = 4*c. Let x be c/((-10)/15*3). Calculate v(x).
-13
Let t(j) = -45*j - 4. Let d(g) = -19*g - 2. Let n(r) = 7*d(r) - 3*t(r). Calculate n(-5).
-12
Let z(h) be the first derivative of 0*h + 1/2*h**2 - 36 + h**3 - 1/2*h**4. Calculate z(-1).
4
Let l be 80/(-180)*(-18)/4. Let v(g) = 6*g + g**3 + 3*g**2 + g**l + 0 + g**2 + 6. Calculate v(-4).
-2
Suppose 3*y - 14*y + 44 = 0. Let r(o) = -18 + 4*o**2 + 14 - o**2 - 7*o - y*o**2. Calculate r(-5).
6
Let p be 12 - (-2)/((-20)/70). Let c(d) be the third derivative of d**6/120 - d**5/12 -